1 composite?
True
Is 613697 a prime number?
False
Is 224141539 prime?
True
Is 594732581 prime?
False
Is 1538577037 a composite number?
False
Is 104250871 composite?
True
Is 3500720501 prime?
True
Is 3347739253 a prime number?
True
Is 1617054949 composite?
True
Is 870454537 composite?
False
Is 1650951487 prime?
True
Is 7539946829 prime?
True
Is 803178533 prime?
True
Is 2150975063 a prime number?
True
Is 3500423974 composite?
True
Is 2266002238 composite?
True
Is 1263562609 composite?
True
Is 4613328883 composite?
False
Is 234953507 a composite number?
True
Is 135899527 composite?
True
Is 15263239 composite?
False
Is 4694291689 prime?
True
Is 1745844167 a composite number?
True
Is 2560275041 a composite number?
False
Is 5390149769 a prime number?
False
Is 24176893837 prime?
True
Is 1061269683 prime?
False
Is 74242419347 composite?
True
Is 11137980949 composite?
False
Is 11110567931 prime?
True
Is 257958947 a prime number?
True
Is 11214290069 composite?
False
Is 84070843811 composite?
True
Is 5337330913 a composite number?
True
Is 2796156397 prime?
True
Is 1047102169 a composite number?
False
Is 1333255219 a prime number?
True
Is 43033630837 composite?
False
Is 913291157 prime?
True
Is 1145043889 prime?
False
Is 248467657 a prime number?
False
Is 800596327 a composite number?
False
Is 813563417 a prime number?
True
Is 2282244067 a prime number?
False
Is 226184947 a prime number?
True
Is 1265667521 a prime number?
True
Is 792669859 a prime number?
True
Is 4576140763 prime?
False
Is 19225305839 a prime number?
False
Is 2679364137 composite?
True
Is 1728272251 prime?
True
Is 583508929 composite?
True
Is 357513913 a prime number?
False
Is 189071053 composite?
False
Is 1275974801 prime?
True
Is 9280360403 prime?
True
Is 4570125753 composite?
True
Is 50128419617 a prime number?
False
Is 3908248349 a composite number?
True
Is 5231415317 prime?
True
Is 4244644103 a prime number?
False
Is 11592779267 a composite number?
False
Is 770426626 a composite number?
True
Is 41506789 a prime number?
False
Is 757258221 composite?
True
Is 81453378559 a prime number?
False
Is 2606243923 a composite number?
False
Is 17539144417 prime?
True
Is 672390311 a prime number?
False
Is 13023710738 a prime number?
False
Is 1134082727 a composite number?
True
Is 80127643397 a prime number?
True
Is 15502303657 a composite number?
False
Is 348323176639 a prime number?
True
Is 18677895389 a composite number?
False
Is 662168837 composite?
True
Is 5287229117 a composite number?
False
Is 2614919647 prime?
False
Is 51900938619 a prime number?
False
Is 944207906 a prime number?
False
Is 15457003 a prime number?
False
Is 2478257449 a composite number?
False
Is 4772886227 a composite number?
False
Is 5130963323 composite?
False
Is 1362277069 a prime number?
True
Is 2695285753 composite?
False
Is 8258206391 composite?
False
Is 9359345951 a composite number?
True
Is 107029837 composite?
False
Is 4017461101 a composite number?
False
Is 1875907231 a composite number?
True
Is 2879235109 a composite number?
True
Is 1644144487 a prime number?
True
Is 3570584933 composite?
False
Is 7790949497 composite?
True
Is 1758697129 prime?
False
Is 17240221 a composite number?
False
Is 119106209 a prime number?
False
Is 124250927 prime?
True
Is 4704313367 a composite number?
True
Is 39400063 a prime number?
True
Is 2066909029 a composite number?
False
Is 4687278139 composite?
False
Is 3052398247 prime?
False
Is 8612473 a composite number?
False
Is 47165231114 a prime number?
False
Is 189833383 prime?
False
Is 13488843299 composite?
True
Is 811126609 a composite number?
True
Is 13856132879 a composite number?
False
Is 9527537059 a composite number?
False
Is 25505507 composite?
True
Is 16716919069 prime?
True
Is 38220822898 a prime number?
False
Is 657756311 prime?
True
Is 2918693287 a prime number?
True
Is 164665517 a prime number?
False
Is 7715634343 composite?
False
Is 16053729287 a prime number?
True
Is 13828319749 prime?
True
Is 1725828631 a composite number?
True
Is 18475311059 composite?
True
Is 35717198746 a composite number?
True
Is 1774806503 a composite number?
False
Is 1981712201 composite?
True
Is 5591960083 composite?
True
Is 11027393909 a composite number?
True
Is 151374383 composite?
True
Is 778110947 a composite number?
True
Is 3097637219 a composite number?
False
Is 1563117643 a prime number?
False
Is 19273444243 composite?
True
Is 52550330519 prime?
True
Is 868946411 composite?
False
Is 2833163279 prime?
False
Is 16084952831 a prime number?
True
Is 8858587217 a prime number?
False
Is 6847318853 a composite number?
False
Is 374648531 a composite number?
True
Is 1143603047 prime?
True
Is 70703461 a prime number?
True
Is 38972573663 a prime number?
False
Is 110418579685 prime?
False
Is 652207469 a prime number?
False
Is 4288270639 composite?
False
Is 5554508227 a prime number?
False
Is 18664883531 prime?
False
Is 37251611401 composite?
True
Is 4648020161 composite?
False
Is 1292899015 a composite number?
True
Is 28576594063 composite?
False
Is 3413326467 a prime number?
False
Is 8018702209 a composite number?
True
Is 20868001949 a composite number?
False
Is 490516115 a prime number?
False
Is 13691063281 a composite number?
True
Is 14190622877 a prime number?
True
Is 60096706447 prime?
True
Is 564656945 a prime number?
False
Is 23436710393 a composite number?
False
Is 1192986787 a composite number?
True
Is 221856143 a prime number?
False
Is 33978456931 a composite number?
False
Is 54831253409 prime?
False
Is 3896896763 a composite number?
True
Is 12471712079 a prime number?
False
Is 15825675499 a prime number?
True
Is 3577428697 composite?
False
Is 1429235201 a prime number?
True
Is 72596652413 composite?
False
Is 968614237 prime?
False
Is 17809271803 composite?
True
Is 2162645983 a composite number?
True
Is 194200492313 composite?
False
Is 48456411371 a prime number?
True
Is 1361537699 composite?
False
Is 108016597991 a prime number?
True
Is 11521152259 prime?
True
Is 10419156431 a prime number?
True
Is 3214910981 a composite number?
True
Is 849823517 composite?
False
Is 10150413317 composite?
True
Is 7466278507 a composite number?
True
Is 2903939579 prime?
True
Is 4813683043 composite?
True
Is 1305358829 a prime number?
True
Is 2210211337 a composite number?
False
Is 83243105866 a composite number?
True
Is 2158046159 composite?
True
Is 100007167171 composite?
False
Is 17168792701 a prime number?
True
Is 30487693681 a composite number?
False
Is 32248611485 a composite number?
True
Is 1041691769 a composite number?
False
Is 109887809 a composite number?
False
Is 59156118614 composite?
True
Is 74626178437 prime?
False
Is 1532606183 prime?
True
Is 435319439 prime?
True
Is 951761903 composite?
False
Is 71484104707 a composite number?
True
Is 31303382713 a prime number?
True
Is 985763569 a composite number?
True
Is 319344487037 a composite number?
False
Is 93588354037 prime?
True
Is 2080280821 composite?
False
Is 15457786247 prime?
False
Is 3835825789 a composite number?
False
Is 127565663 prime?
True
Is 73019110361 prime?
False
Is 1332789949 a composite number?
False
Is 16809289957 prime?
True
Is 27209569921 a prime number?
False
Is 10376497069 a composite number?
False
Is 2085951167 a composite number?
True
Is 5589928601 a prime number?
True
Is 1092902911 prime?
True
Is 471678677 a prime number?
True
Is 5356867223 a composite number?
False
Is 1879920661 prime?
True
Is 1617430483 a composite number?
False
Is 49518933913 prime?
False
Is 41689465901 prime?
True
Is 2011238171 a prime number?
False
Is 3521678065 prime?
False
Is 2473863323 prime?
True
Is 145822533169 a prime number?
True
Is 345628163 prime?
True
Is 7539224521 composite?
True
Is 1109379173 a prime number?
False
Is 33641813411 composite?
True
Is 22776297287 a prime number?
False
Is 559588331 prime?
True
Is 9073176803 a composite number?
True
Is 93754341827 a composite number?
False
Is 29510927123 prime?
False
Is 55841591101 composite?
False
Is 122842991 prime?
True
Is 13226714027 a prime number?
True
Is 16623276767 prime?
False
Is 47690985247 a prime number?
True
Is 2774145031 composite?
True
Is 3281991883 prime?
True
Is 73420513 a prime number?
True
Is 13262250693 a prime number?
False
Is 241786171 composite?
True
Is 775240547 a pr